ided by 5908.
5898
What is the remainder when 5286886 is divided by 10856?
14
Calculate the remainder when 47693402 is divided by 10126.
10068
What is the remainder when 910459 is divided by 299?
4
Calculate the remainder when 158848135 is divided by 58.
55
Calculate the remainder when 41773162 is divided by 24.
10
Calculate the remainder when 895967 is divided by 234.
215
Calculate the remainder when 8265686 is divided by 2259.
5
Calculate the remainder when 188314 is divided by 319.
104
Calculate the remainder when 17498089 is divided by 380391.
103
Calculate the remainder when 110489 is divided by 18089.
1955
Calculate the remainder when 7063547 is divided by 3909.
3893
What is the remainder when 8170885 is divided by 506?
503
What is the remainder when 2149109 is divided by 716335?
104
What is the remainder when 102102338 is divided by 51051169?
0
What is the remainder when 1757508 is divided by 1476?
1068
What is the remainder when 2684143 is divided by 178914?
433
What is the remainder when 51397471 is divided by 25?
21
What is the remainder when 1155479 is divided by 577442?
595
What is the remainder when 3913712 is divided by 986?
278
Calculate the remainder when 17869 is divided by 373.
338
What is the remainder when 12978498 is divided by 500?
498
What is the remainder when 6975448 is divided by 27?
25
Calculate the remainder when 4025559 is divided by 4025555.
4
What is the remainder when 159034 is divided by 20?
14
Calculate the remainder when 173907167 is divided by 16.
15
What is the remainder when 2760130 is divided by 821?
749
What is the remainder when 606084 is divided by 338?
50
Calculate the remainder when 239807 is divided by 61.
16
What is the remainder when 42530 is divided by 10522?
442
What is the remainder when 3082825 is divided by 1540845?
1135
What is the remainder when 221462024 is divided by 1251?
1247
What is the remainder when 29543 is divided by 103?
85
What is the remainder when 2086004 is divided by 15?
14
What is the remainder when 2723175 is divided by 85?
30
What is the remainder when 1846389 is divided by 8431?
0
Calculate the remainder when 59455 is divided by 7376.
447
What is the remainder when 73654 is divided by 820?
674
Calculate the remainder when 196951 is divided by 63941.
5128
Calculate the remainder when 58390 is divided by 256.
22
What is the remainder when 54566818 is divided by 307?
24
What is the remainder when 2652973 is divided by 884281?
130
What is the remainder when 463515 is divided by 231704?
107
What is the remainder when 26527718 is divided by 7250?
7218
What is the remainder when 66959860 is divided by 42?
16
Calculate the remainder when 4428913 is divided by 602.
601
Calculate the remainder when 1017587 is divided by 1523.
223
Calculate the remainder when 99238 is divided by 963.
49
What is the remainder when 476568 is divided by 2192?
904
What is the remainder when 1072675 is divided by 513?
505
What is the remainder when 37626190 is divided by 1027?
1018
What is the remainder when 1358171 is divided by 1358128?
43
What is the remainder when 10839527 is divided by 186888?
23
What is the remainder when 773272 is divided by 1459?
2
What is the remainder when 15091970 is divided by 119?
33
Calculate the remainder when 161329 is divided by 6864.
3457
Calculate the remainder when 29468971 is divided by 1642.
1639
What is the remainder when 90991 is divided by 29623?
2122
Calculate the remainder when 51915 is divided by 25957.
1
What is the remainder when 32136703 is divided by 770?
753
Calculate the remainder when 8846152 is divided by 61.
54
What is the remainder when 4896325 is divided by 43?
1
Calculate the remainder when 8126150 is divided by 23.
20
Calculate the remainder when 27331 is divided by 1088.
131
Calculate the remainder when 531781 is divided by 16113.
52
Calculate the remainder when 1043044 is divided by 2103.
2059
What is the remainder when 257123 is divided by 276?
167
Calculate the remainder when 399677 is divided by 923.
18
What is the remainder when 3007361 is divided by 17795?
6
Calculate the remainder when 44296971 is divided by 210.
201
Calculate the remainder when 137975838 is divided by 160.
158
Calculate the remainder when 51584385 is divided by 25792190.
5
What is the remainder when 648324 is divided by 139?
28
Calculate the remainder when 3033707 is divided by 2147.
2143
What is the remainder when 23613590 is divided by 629?
301
What is the remainder when 889753823 is divided by 2272?
2271
What is the remainder when 14017 is divided by 1736?
129
What is the remainder when 6356805 is divided by 77?
70
Calculate the remainder when 35424969 is divided by 34.
29
Calculate the remainder when 4268715 is divided by 137700.
15
Calculate the remainder when 859232 is divided by 34.
18
What is the remainder when 26458131 is divided by 14?
7
Calculate the remainder when 673226 is divided by 673214.
12
Calculate the remainder when 884710 is divided by 294876.
82
What is the remainder when 1437341776 is divided by 1316?
1312
What is the remainder when 574024 is divided by 573996?
28
What is the remainder when 204040 is divided by 4332?
436
Calculate the remainder when 26460 is divided by 700.
560
What is the remainder when 62161749 is divided by 339?
336
What is the remainder when 21891051 is divided by 452?
239
What is the remainder when 316838 is divided by 1161?
1046
What is the remainder when 89465 is divided by 2203?
1345
Calculate the remainder when 7286798 is divided by 9914.
8
Calculate the remainder when 9917082 is divided by 1474.
10
What is the remainder when 4323626 is divided by 192?
170
Calculate the remainder when 416442 is divided by 138733.
243
Calculate the remainder when 17489135 is divided by 1396.
47
Calculate the remainder when 2806059 is divided by 45.
39
What is the remainder when 7451339 is divided by 413963?
5
Calculate the remainder when 57005756 is divided by 3493.
3489
Calculate the remainder when 303033 is divided by 60536.
353
What is the remainder when 1431846 is divided by 17?
4
What is the remainder when 113152 is divided by 28193?
380
Calculate the remainder when 105419 is divided by 502.
501
Calculate the remainder when 3361556 is divided by 409.
394
Calculate the remainder when 12019579 is divided by 1502444.
27
What is the remainder when 47625 is divided by 6796?
53
What is the remainder when 147593 is divided by 47024?
6521
Calculate the remainder when 481226 is divided by 96227.
91
What is the remainder when 9758422 is divided by 1149?
1114
Calculate the remainder when 7784331 is divided by 2594725.
156
Calculate the remainder when 16550806 is divided by 22.
8
Calculate the remainder when 1352941 is divided by 5014.
4175
Calculate the remainder when 196458 is divided by 7042.
6324
Calculate the remainder when 661265 is divided by 30048.
209
Calculate the remainder when 29147456 is divided by 1786.
1722
Calculate the remainder when 2984885 is divided by 2102.
45
What is the remainder when 4540963 is divided by 1616?
3
Calculate the remainder when 1242697 is divided by 3046.
2975
Calculate the remainder when 26935 is divided by 6447.
1147
What is the remainder when 54143145 is divided by 35?
0
What is the remainder when 131436762 is divided by 32?
26
What is the remainder when 33451323 is divided by 19?
18
What is the remainder when 5712059 is divided by 2396?
2391
Calculate the remainder when 76779050 is divided by 19194753.
38
What is the remainder when 22953803 is divided by 1446?
1445
Calculate the remainder when 2905092 is divided by 73.
57
Calculate the remainder when 818466 is divided by 818461.
5
What is the remainder when 247475 is divided by 1304?
1019
What is the remainder when 34326 is divided by 33973?
353
What is the remainder when 384084 is divided by 253?
30
What is the remainder when 4059978 is divided by 811991?
23
What is the remainder when 281554 is divided by 281485?
69
Calculate the remainder when 30797559 is divided by 15398777.
5
What is the remainder when 91689 is divided by 91312?
377
Calculate the remainder when 7811056 is divided by 171.
118
Calculate the remainder when 283581495 is divided by 70895373.
3
What is the remainder when 159634 is divided by 657?
640
Calculate the remainder when 12645763